{"id":1650,"date":"2024-04-16T07:25:22","date_gmt":"2024-04-16T07:25:22","guid":{"rendered":"https:\/\/dev4.acvision.ro\/store\/produs\/patona-platinum-baterie-pt-canon-bp-a65-a60-a30-eos-c200-c300-mark-ii-xf705-d-tap-usb-output\/"},"modified":"2024-06-17T06:34:09","modified_gmt":"2024-06-17T06:34:09","slug":"patona-platinum-baterie-pt-canon-bp-a65-a60-a30-eos-c200-c300-mark-ii-xf705-d-tap-usb-output","status":"publish","type":"product","link":"https:\/\/all4laptop.ro\/store\/produs\/patona-platinum-baterie-pt-canon-bp-a65-a60-a30-eos-c200-c300-mark-ii-xf705-d-tap-usb-output\/","title":{"rendered":"PATONA Platinum Baterie pt. Canon BP-A65 A60 A30 EOS C200 C300 Mark II XF705 D-Tap USB-Output"},"content":{"rendered":"<h2>PATONA Platinum Baterie pt. Canon BP-A65 A60 A30 EOS C200 C300 Mark II XF705 D-Tap USB-Output<\/h2>\n<p>La acest model, accesoriile cu o putere maxim\u0103 de 28,8 W pot fi conectate prin D-Tap. Smartphone-urile, tabletele \u0219i alte accesorii pot fi \u00eenc\u0103rcate p\u00e2n\u0103 la 2,1 A la o ie\u0219ire USB separat\u0103.<\/p>\n<p><strong>Data tehnice:<\/strong><br \/>Tip: BP-A65 <br \/> Capacitate mare: 6900mAh \/ 14,4V \/ 99,4Wh<br \/>Ausgang: USB 5V \/ 2.1A (10.5W) (max.)<br \/>D-Tap Ausgang: 14.4V \/ 2A (28.8W) ( max.) <br \/> Tip: Li-ion <br \/>Marc\u0103: PATONA Platinum<\/p>\n<p> <strong>Num\u0103r de pies\u0103 compatibil:<\/strong><br \/> <strong>Canon <\/strong>BP-A30, BP-A60, BP-A65<\/p>\n<p><strong>Model compatibil:<\/strong><\/p>\n<p><strong>Canon<br \/>EOS<\/strong> CA-CP200L, EOS C200, C200 PL, C200B, C300 Mark II, C300 Mark II PL, XF705<\/p>\n<p> Imaginile sunt doar cu titlu ilustrativ &#8211; livrarea poate varia. Este oferit un produs marca de calitate PATONA.<\/p>\n","protected":false},"excerpt":{"rendered":"<p>PATONA Platinum Baterie pt. Canon BP-A65 A60 A30 EOS C200 C300 Mark II XF705 D-Tap USB-Output La acest model, accesoriile cu o putere maxim\u0103 de 28,8 W pot fi conectate prin D-Tap. Smartphone-urile, tabletele \u0219i alte accesorii pot fi \u00eenc\u0103rcate p\u00e2n\u0103 la 2,1 A la o ie\u0219ire USB separat\u0103. Data tehnice:Tip: BP-A65 Capacitate mare: 6900mAh [&hellip;]<\/p>\n","protected":false},"featured_media":1527,"comment_status":"open","ping_status":"closed","template":"","meta":{"_joinchat":[]},"product_cat":[192],"product_tag":[5591],"class_list":{"0":"post-1650","1":"product","2":"type-product","3":"status-publish","4":"has-post-thumbnail","6":"product_cat-baterii-camere-foto-video","7":"product_tag-a4lrop-1315","8":"product_shipping_class-valoare","10":"first","11":"instock","12":"shipping-taxable","13":"purchasable","14":"product-type-simple"},"yoast_head":"<!-- This site is optimized with the Yoast SEO plugin v22.7 - https:\/\/yoast.com\/wordpress\/plugins\/seo\/ -->\n<title>PATONA Platinum Baterie pt. Canon BP-A65 A60 A30 EOS C200 C300 Mark II XF705 D-Tap USB-Output - All4Laptop.ro<\/title>\n<meta name=\"robots\" content=\"index, follow, max-snippet:-1, max-image-preview:large, max-video-preview:-1\" \/>\n<link rel=\"canonical\" href=\"https:\/\/all4laptop.ro\/store\/produs\/patona-platinum-baterie-pt-canon-bp-a65-a60-a30-eos-c200-c300-mark-ii-xf705-d-tap-usb-output\/\" \/>\n<meta property=\"og:locale\" content=\"ro_RO\" \/>\n<meta property=\"og:type\" content=\"article\" \/>\n<meta property=\"og:title\" content=\"PATONA Platinum Baterie pt. Canon BP-A65 A60 A30 EOS C200 C300 Mark II XF705 D-Tap USB-Output - All4Laptop.ro\" \/>\n<meta property=\"og:description\" content=\"PATONA Platinum Baterie pt. Canon BP-A65 A60 A30 EOS C200 C300 Mark II XF705 D-Tap USB-Output La acest model, accesoriile cu o putere maxim\u0103 de 28,8 W pot fi conectate prin D-Tap. Smartphone-urile, tabletele \u0219i alte accesorii pot fi \u00eenc\u0103rcate p\u00e2n\u0103 la 2,1 A la o ie\u0219ire USB separat\u0103. Data tehnice:Tip: BP-A65 Capacitate mare: 6900mAh [&hellip;]\" \/>\n<meta property=\"og:url\" content=\"https:\/\/all4laptop.ro\/store\/produs\/patona-platinum-baterie-pt-canon-bp-a65-a60-a30-eos-c200-c300-mark-ii-xf705-d-tap-usb-output\/\" \/>\n<meta property=\"og:site_name\" content=\"All4Laptop.ro\" \/>\n<meta property=\"article:publisher\" content=\"https:\/\/www.facebook.com\/all4laptop.ro\" \/>\n<meta property=\"article:modified_time\" content=\"2024-06-17T06:34:09+00:00\" \/>\n<meta property=\"og:image\" content=\"https:\/\/all4laptop.ro\/store\/wp-content\/uploads\/2024\/04\/1315-1_1280x1280.jpg\" \/>\n\t<meta property=\"og:image:width\" content=\"1274\" \/>\n\t<meta property=\"og:image:height\" content=\"1280\" \/>\n\t<meta property=\"og:image:type\" content=\"image\/jpeg\" \/>\n<meta name=\"twitter:card\" content=\"summary_large_image\" \/>\n<meta name=\"twitter:label1\" content=\"Timp estimat pentru citire\" \/>\n\t<meta name=\"twitter:data1\" content=\"1 minut\" \/>\n<script type=\"application\/ld+json\" class=\"yoast-schema-graph\">{\"@context\":\"https:\/\/schema.org\",\"@graph\":[{\"@type\":\"WebPage\",\"@id\":\"https:\/\/all4laptop.ro\/store\/produs\/patona-platinum-baterie-pt-canon-bp-a65-a60-a30-eos-c200-c300-mark-ii-xf705-d-tap-usb-output\/\",\"url\":\"https:\/\/all4laptop.ro\/store\/produs\/patona-platinum-baterie-pt-canon-bp-a65-a60-a30-eos-c200-c300-mark-ii-xf705-d-tap-usb-output\/\",\"name\":\"PATONA Platinum Baterie pt. Canon BP-A65 A60 A30 EOS C200 C300 Mark II XF705 D-Tap USB-Output - All4Laptop.ro\",\"isPartOf\":{\"@id\":\"https:\/\/all4laptop.ro\/store\/#website\"},\"primaryImageOfPage\":{\"@id\":\"https:\/\/all4laptop.ro\/store\/produs\/patona-platinum-baterie-pt-canon-bp-a65-a60-a30-eos-c200-c300-mark-ii-xf705-d-tap-usb-output\/#primaryimage\"},\"image\":{\"@id\":\"https:\/\/all4laptop.ro\/store\/produs\/patona-platinum-baterie-pt-canon-bp-a65-a60-a30-eos-c200-c300-mark-ii-xf705-d-tap-usb-output\/#primaryimage\"},\"thumbnailUrl\":\"https:\/\/all4laptop.ro\/store\/wp-content\/uploads\/2024\/04\/1315-1_1280x1280.jpg\",\"datePublished\":\"2024-04-16T07:25:22+00:00\",\"dateModified\":\"2024-06-17T06:34:09+00:00\",\"breadcrumb\":{\"@id\":\"https:\/\/all4laptop.ro\/store\/produs\/patona-platinum-baterie-pt-canon-bp-a65-a60-a30-eos-c200-c300-mark-ii-xf705-d-tap-usb-output\/#breadcrumb\"},\"inLanguage\":\"ro-RO\",\"potentialAction\":[{\"@type\":\"ReadAction\",\"target\":[\"https:\/\/all4laptop.ro\/store\/produs\/patona-platinum-baterie-pt-canon-bp-a65-a60-a30-eos-c200-c300-mark-ii-xf705-d-tap-usb-output\/\"]}]},{\"@type\":\"ImageObject\",\"inLanguage\":\"ro-RO\",\"@id\":\"https:\/\/all4laptop.ro\/store\/produs\/patona-platinum-baterie-pt-canon-bp-a65-a60-a30-eos-c200-c300-mark-ii-xf705-d-tap-usb-output\/#primaryimage\",\"url\":\"https:\/\/all4laptop.ro\/store\/wp-content\/uploads\/2024\/04\/1315-1_1280x1280.jpg\",\"contentUrl\":\"https:\/\/all4laptop.ro\/store\/wp-content\/uploads\/2024\/04\/1315-1_1280x1280.jpg\",\"width\":1274,\"height\":1280},{\"@type\":\"BreadcrumbList\",\"@id\":\"https:\/\/all4laptop.ro\/store\/produs\/patona-platinum-baterie-pt-canon-bp-a65-a60-a30-eos-c200-c300-mark-ii-xf705-d-tap-usb-output\/#breadcrumb\",\"itemListElement\":[{\"@type\":\"ListItem\",\"position\":1,\"name\":\"Prima pagin\u0103\",\"item\":\"https:\/\/all4laptop.ro\/store\/\"},{\"@type\":\"ListItem\",\"position\":2,\"name\":\"Magazin\",\"item\":\"https:\/\/all4laptop.ro\/store\/\"},{\"@type\":\"ListItem\",\"position\":3,\"name\":\"PATONA Platinum Baterie pt. Canon BP-A65 A60 A30 EOS C200 C300 Mark II XF705 D-Tap USB-Output\"}]},{\"@type\":\"WebSite\",\"@id\":\"https:\/\/all4laptop.ro\/store\/#website\",\"url\":\"https:\/\/all4laptop.ro\/store\/\",\"name\":\"All4Laptop.ro\",\"description\":\"Baterii, tastaturi, incarcatoare, display-uri, coolere, balamale si piese laptop\",\"publisher\":{\"@id\":\"https:\/\/all4laptop.ro\/store\/#organization\"},\"alternateName\":\"All4Laptop by Mado Solutions\",\"potentialAction\":[{\"@type\":\"SearchAction\",\"target\":{\"@type\":\"EntryPoint\",\"urlTemplate\":\"https:\/\/all4laptop.ro\/store\/?s={search_term_string}\"},\"query-input\":\"required name=search_term_string\"}],\"inLanguage\":\"ro-RO\"},{\"@type\":\"Organization\",\"@id\":\"https:\/\/all4laptop.ro\/store\/#organization\",\"name\":\"Mado Solutions SRL\",\"alternateName\":\"All4Laptop.ro by Mado Solutions SRL\",\"url\":\"https:\/\/all4laptop.ro\/store\/\",\"logo\":{\"@type\":\"ImageObject\",\"inLanguage\":\"ro-RO\",\"@id\":\"https:\/\/all4laptop.ro\/store\/#\/schema\/logo\/image\/\",\"url\":\"https:\/\/all4laptop.ro\/store\/wp-content\/uploads\/2024\/05\/2.jpg\",\"contentUrl\":\"https:\/\/all4laptop.ro\/store\/wp-content\/uploads\/2024\/05\/2.jpg\",\"width\":408,\"height\":318,\"caption\":\"Mado Solutions SRL\"},\"image\":{\"@id\":\"https:\/\/all4laptop.ro\/store\/#\/schema\/logo\/image\/\"},\"sameAs\":[\"https:\/\/www.facebook.com\/all4laptop.ro\"]}]}<\/script>\n<!-- \/ Yoast SEO plugin. -->","yoast_head_json":{"title":"PATONA Platinum Baterie pt. Canon BP-A65 A60 A30 EOS C200 C300 Mark II XF705 D-Tap USB-Output - All4Laptop.ro","robots":{"index":"index","follow":"follow","max-snippet":"max-snippet:-1","max-image-preview":"max-image-preview:large","max-video-preview":"max-video-preview:-1"},"canonical":"https:\/\/all4laptop.ro\/store\/produs\/patona-platinum-baterie-pt-canon-bp-a65-a60-a30-eos-c200-c300-mark-ii-xf705-d-tap-usb-output\/","og_locale":"ro_RO","og_type":"article","og_title":"PATONA Platinum Baterie pt. Canon BP-A65 A60 A30 EOS C200 C300 Mark II XF705 D-Tap USB-Output - All4Laptop.ro","og_description":"PATONA Platinum Baterie pt. Canon BP-A65 A60 A30 EOS C200 C300 Mark II XF705 D-Tap USB-Output La acest model, accesoriile cu o putere maxim\u0103 de 28,8 W pot fi conectate prin D-Tap. Smartphone-urile, tabletele \u0219i alte accesorii pot fi \u00eenc\u0103rcate p\u00e2n\u0103 la 2,1 A la o ie\u0219ire USB separat\u0103. Data tehnice:Tip: BP-A65 Capacitate mare: 6900mAh [&hellip;]","og_url":"https:\/\/all4laptop.ro\/store\/produs\/patona-platinum-baterie-pt-canon-bp-a65-a60-a30-eos-c200-c300-mark-ii-xf705-d-tap-usb-output\/","og_site_name":"All4Laptop.ro","article_publisher":"https:\/\/www.facebook.com\/all4laptop.ro","article_modified_time":"2024-06-17T06:34:09+00:00","og_image":[{"width":1274,"height":1280,"url":"https:\/\/all4laptop.ro\/store\/wp-content\/uploads\/2024\/04\/1315-1_1280x1280.jpg","type":"image\/jpeg"}],"twitter_card":"summary_large_image","twitter_misc":{"Timp estimat pentru citire":"1 minut"},"schema":{"@context":"https:\/\/schema.org","@graph":[{"@type":"WebPage","@id":"https:\/\/all4laptop.ro\/store\/produs\/patona-platinum-baterie-pt-canon-bp-a65-a60-a30-eos-c200-c300-mark-ii-xf705-d-tap-usb-output\/","url":"https:\/\/all4laptop.ro\/store\/produs\/patona-platinum-baterie-pt-canon-bp-a65-a60-a30-eos-c200-c300-mark-ii-xf705-d-tap-usb-output\/","name":"PATONA Platinum Baterie pt. Canon BP-A65 A60 A30 EOS C200 C300 Mark II XF705 D-Tap USB-Output - All4Laptop.ro","isPartOf":{"@id":"https:\/\/all4laptop.ro\/store\/#website"},"primaryImageOfPage":{"@id":"https:\/\/all4laptop.ro\/store\/produs\/patona-platinum-baterie-pt-canon-bp-a65-a60-a30-eos-c200-c300-mark-ii-xf705-d-tap-usb-output\/#primaryimage"},"image":{"@id":"https:\/\/all4laptop.ro\/store\/produs\/patona-platinum-baterie-pt-canon-bp-a65-a60-a30-eos-c200-c300-mark-ii-xf705-d-tap-usb-output\/#primaryimage"},"thumbnailUrl":"https:\/\/all4laptop.ro\/store\/wp-content\/uploads\/2024\/04\/1315-1_1280x1280.jpg","datePublished":"2024-04-16T07:25:22+00:00","dateModified":"2024-06-17T06:34:09+00:00","breadcrumb":{"@id":"https:\/\/all4laptop.ro\/store\/produs\/patona-platinum-baterie-pt-canon-bp-a65-a60-a30-eos-c200-c300-mark-ii-xf705-d-tap-usb-output\/#breadcrumb"},"inLanguage":"ro-RO","potentialAction":[{"@type":"ReadAction","target":["https:\/\/all4laptop.ro\/store\/produs\/patona-platinum-baterie-pt-canon-bp-a65-a60-a30-eos-c200-c300-mark-ii-xf705-d-tap-usb-output\/"]}]},{"@type":"ImageObject","inLanguage":"ro-RO","@id":"https:\/\/all4laptop.ro\/store\/produs\/patona-platinum-baterie-pt-canon-bp-a65-a60-a30-eos-c200-c300-mark-ii-xf705-d-tap-usb-output\/#primaryimage","url":"https:\/\/all4laptop.ro\/store\/wp-content\/uploads\/2024\/04\/1315-1_1280x1280.jpg","contentUrl":"https:\/\/all4laptop.ro\/store\/wp-content\/uploads\/2024\/04\/1315-1_1280x1280.jpg","width":1274,"height":1280},{"@type":"BreadcrumbList","@id":"https:\/\/all4laptop.ro\/store\/produs\/patona-platinum-baterie-pt-canon-bp-a65-a60-a30-eos-c200-c300-mark-ii-xf705-d-tap-usb-output\/#breadcrumb","itemListElement":[{"@type":"ListItem","position":1,"name":"Prima pagin\u0103","item":"https:\/\/all4laptop.ro\/store\/"},{"@type":"ListItem","position":2,"name":"Magazin","item":"https:\/\/all4laptop.ro\/store\/"},{"@type":"ListItem","position":3,"name":"PATONA Platinum Baterie pt. Canon BP-A65 A60 A30 EOS C200 C300 Mark II XF705 D-Tap USB-Output"}]},{"@type":"WebSite","@id":"https:\/\/all4laptop.ro\/store\/#website","url":"https:\/\/all4laptop.ro\/store\/","name":"All4Laptop.ro","description":"Baterii, tastaturi, incarcatoare, display-uri, coolere, balamale si piese laptop","publisher":{"@id":"https:\/\/all4laptop.ro\/store\/#organization"},"alternateName":"All4Laptop by Mado Solutions","potentialAction":[{"@type":"SearchAction","target":{"@type":"EntryPoint","urlTemplate":"https:\/\/all4laptop.ro\/store\/?s={search_term_string}"},"query-input":"required name=search_term_string"}],"inLanguage":"ro-RO"},{"@type":"Organization","@id":"https:\/\/all4laptop.ro\/store\/#organization","name":"Mado Solutions SRL","alternateName":"All4Laptop.ro by Mado Solutions SRL","url":"https:\/\/all4laptop.ro\/store\/","logo":{"@type":"ImageObject","inLanguage":"ro-RO","@id":"https:\/\/all4laptop.ro\/store\/#\/schema\/logo\/image\/","url":"https:\/\/all4laptop.ro\/store\/wp-content\/uploads\/2024\/05\/2.jpg","contentUrl":"https:\/\/all4laptop.ro\/store\/wp-content\/uploads\/2024\/05\/2.jpg","width":408,"height":318,"caption":"Mado Solutions SRL"},"image":{"@id":"https:\/\/all4laptop.ro\/store\/#\/schema\/logo\/image\/"},"sameAs":["https:\/\/www.facebook.com\/all4laptop.ro"]}]}},"_links":{"self":[{"href":"https:\/\/all4laptop.ro\/store\/wp-json\/wp\/v2\/product\/1650","targetHints":{"allow":["GET"]}}],"collection":[{"href":"https:\/\/all4laptop.ro\/store\/wp-json\/wp\/v2\/product"}],"about":[{"href":"https:\/\/all4laptop.ro\/store\/wp-json\/wp\/v2\/types\/product"}],"replies":[{"embeddable":true,"href":"https:\/\/all4laptop.ro\/store\/wp-json\/wp\/v2\/comments?post=1650"}],"wp:featuredmedia":[{"embeddable":true,"href":"https:\/\/all4laptop.ro\/store\/wp-json\/wp\/v2\/media\/1527"}],"wp:attachment":[{"href":"https:\/\/all4laptop.ro\/store\/wp-json\/wp\/v2\/media?parent=1650"}],"wp:term":[{"taxonomy":"product_cat","embeddable":true,"href":"https:\/\/all4laptop.ro\/store\/wp-json\/wp\/v2\/product_cat?post=1650"},{"taxonomy":"product_tag","embeddable":true,"href":"https:\/\/all4laptop.ro\/store\/wp-json\/wp\/v2\/product_tag?post=1650"}],"curies":[{"name":"wp","href":"https:\/\/api.w.org\/{rel}","templated":true}]}}