{"id":1676,"date":"2024-04-16T07:25:31","date_gmt":"2024-04-16T07:25:31","guid":{"rendered":"https:\/\/dev4.acvision.ro\/store\/produs\/patona-platinum-baterie-with-usb-c-input-pt-panasonic-dmw-blk22-s5-g9-gh5-gh5s\/"},"modified":"2024-06-17T06:34:19","modified_gmt":"2024-06-17T06:34:19","slug":"patona-platinum-baterie-with-usb-c-input-pt-panasonic-dmw-blk22-s5-g9-gh5-gh5s","status":"publish","type":"product","link":"https:\/\/all4laptop.ro\/store\/produs\/patona-platinum-baterie-with-usb-c-input-pt-panasonic-dmw-blk22-s5-g9-gh5-gh5s\/","title":{"rendered":"PATONA Platinum Baterie with USB-C input pt. Panasonic DMW-BLK22 S5 G9 GH5 GH5S"},"content":{"rendered":"<p>Seria PATONA<strong>Platinum<\/strong> a fost dezvoltat\u0103 pentru a v\u0103 bucura de o fotografie senza\u021bional de lung\u0103. Performan\u021ba celulelor utilizate este aproape inepuizabil\u0103. Seria a fost dezvoltat\u0103 pentru o distrac\u021bie fotografic\u0103 senza\u021bional de lung\u0103. Performan\u021ba celulelor folosite este aproape inepuizabil\u0103.<br \/> Seria PATONA<strong>Platinum<\/strong> folose\u0219te cele mai avansate celule, care au o calitate nu doar excep\u021bional\u0103, ci \u0219i impresionant\u0103. <\/p>\n<p>Seria Platinum este cea mai de \u00eenalt\u0103 calitate, cea mai durabil\u0103 \u0219i cea mai inovatoare serie de la PATONA. C\u00e2nd cump\u0103ra\u021bi o baterie din seria PATONA <strong>Platinum<\/strong>, cump\u0103ra\u021bi un produs excelent, rafinat, care v\u0103 va fascina.<\/p>\n<p>Aceast\u0103 baterie are o intrare USB-C, astfel \u00eenc\u00e2t s\u0103 poat\u0103 fi \u00eenc\u0103rcat cu un cablu USB-C (inclus) \u0219i adaptor de alimentare. Pute\u021bi g\u0103si un adaptor de alimentare corespunz\u0103tor mai jos, \u00een fila \u201eAccesorii\u201d.<\/p>\n<p><strong>Date tehnice:<br \/><\/strong><\/p>\n<ul>\n<li>Putere: 7,2V <\/li>\n<li>Capacitate: 2400mAh \/ 17,3Wh<\/li>\n<li>Intrare USB-C: max. 1,2 A (curen\u021bii de intrare mai mari sunt redusi automat prin controlul IC al bateriei)<\/li>\n<li>Cu LED de \u00eenc\u0103rcare<\/li>\n<li>Tip de celule: Li-Ion<\/li>\n<\/ul>\n<p> <strong>Livrare:<\/strong><\/p>\n<ul>\n<li>Bateria PATONA <strong>Platinum<\/strong> pentru Panasonic DMW-BLK22<\/li>\n<li>Cablu USB de 60 cm (USB-A) la USB-C)<\/li>\n<\/ul>\n<p><strong>Bateria este potrivit\u0103 pentru modelele de camere digitale:<\/strong><\/p>\n<p><strong>Panasonic Lumix<\/strong> S5, G9 , GH5, GH5S<\/p>\n<p><strong>Desemnarea bateriilor originale compatibile:<\/strong><\/p>\n<p><strong>Panasonic <\/strong>DMW-BLK22<\/p>\n","protected":false},"excerpt":{"rendered":"<p>Seria PATONAPlatinum a fost dezvoltat\u0103 pentru a v\u0103 bucura de o fotografie senza\u021bional de lung\u0103. Performan\u021ba celulelor utilizate este aproape inepuizabil\u0103. Seria a fost dezvoltat\u0103 pentru o distrac\u021bie fotografic\u0103 senza\u021bional de lung\u0103. Performan\u021ba celulelor folosite este aproape inepuizabil\u0103. Seria PATONAPlatinum folose\u0219te cele mai avansate celule, care au o calitate nu doar excep\u021bional\u0103, ci \u0219i impresionant\u0103. [&hellip;]<\/p>\n","protected":false},"featured_media":1579,"comment_status":"open","ping_status":"closed","template":"","meta":{"_joinchat":[]},"product_cat":[192],"product_tag":[6245],"class_list":{"0":"post-1676","1":"product","2":"type-product","3":"status-publish","4":"has-post-thumbnail","6":"product_cat-baterii-camere-foto-video","7":"product_tag-a4lrop-1401","8":"product_shipping_class-valoare","10":"first","11":"instock","12":"shipping-taxable","13":"purchasable","14":"product-type-simple"},"yoast_head":"<!-- This site is optimized with the Yoast SEO plugin v22.7 - https:\/\/yoast.com\/wordpress\/plugins\/seo\/ -->\n<title>PATONA Platinum Baterie with USB-C input pt. Panasonic DMW-BLK22 S5 G9 GH5 GH5S - All4Laptop.ro<\/title>\n<meta name=\"robots\" content=\"index, follow, max-snippet:-1, max-image-preview:large, max-video-preview:-1\" \/>\n<link rel=\"canonical\" href=\"https:\/\/all4laptop.ro\/store\/produs\/patona-platinum-baterie-with-usb-c-input-pt-panasonic-dmw-blk22-s5-g9-gh5-gh5s\/\" \/>\n<meta property=\"og:locale\" content=\"ro_RO\" \/>\n<meta property=\"og:type\" content=\"article\" \/>\n<meta property=\"og:title\" content=\"PATONA Platinum Baterie with USB-C input pt. Panasonic DMW-BLK22 S5 G9 GH5 GH5S - All4Laptop.ro\" \/>\n<meta property=\"og:description\" content=\"Seria PATONAPlatinum a fost dezvoltat\u0103 pentru a v\u0103 bucura de o fotografie senza\u021bional de lung\u0103. Performan\u021ba celulelor utilizate este aproape inepuizabil\u0103. Seria a fost dezvoltat\u0103 pentru o distrac\u021bie fotografic\u0103 senza\u021bional de lung\u0103. Performan\u021ba celulelor folosite este aproape inepuizabil\u0103. Seria PATONAPlatinum folose\u0219te cele mai avansate celule, care au o calitate nu doar excep\u021bional\u0103, ci \u0219i impresionant\u0103. [&hellip;]\" \/>\n<meta property=\"og:url\" content=\"https:\/\/all4laptop.ro\/store\/produs\/patona-platinum-baterie-with-usb-c-input-pt-panasonic-dmw-blk22-s5-g9-gh5-gh5s\/\" \/>\n<meta property=\"og:site_name\" content=\"All4Laptop.ro\" \/>\n<meta property=\"article:publisher\" content=\"https:\/\/www.facebook.com\/all4laptop.ro\" \/>\n<meta property=\"article:modified_time\" content=\"2024-06-17T06:34:19+00:00\" \/>\n<meta property=\"og:image\" content=\"https:\/\/all4laptop.ro\/store\/wp-content\/uploads\/2024\/04\/1401-1_1280x1280.jpg\" \/>\n\t<meta property=\"og:image:width\" content=\"1280\" \/>\n\t<meta property=\"og:image:height\" content=\"1280\" \/>\n\t<meta property=\"og:image:type\" content=\"image\/jpeg\" \/>\n<meta name=\"twitter:card\" content=\"summary_large_image\" \/>\n<meta name=\"twitter:label1\" content=\"Timp estimat pentru citire\" \/>\n\t<meta name=\"twitter:data1\" content=\"1 minut\" \/>\n<script type=\"application\/ld+json\" class=\"yoast-schema-graph\">{\"@context\":\"https:\/\/schema.org\",\"@graph\":[{\"@type\":\"WebPage\",\"@id\":\"https:\/\/all4laptop.ro\/store\/produs\/patona-platinum-baterie-with-usb-c-input-pt-panasonic-dmw-blk22-s5-g9-gh5-gh5s\/\",\"url\":\"https:\/\/all4laptop.ro\/store\/produs\/patona-platinum-baterie-with-usb-c-input-pt-panasonic-dmw-blk22-s5-g9-gh5-gh5s\/\",\"name\":\"PATONA Platinum Baterie with USB-C input pt. Panasonic DMW-BLK22 S5 G9 GH5 GH5S - All4Laptop.ro\",\"isPartOf\":{\"@id\":\"https:\/\/all4laptop.ro\/store\/#website\"},\"primaryImageOfPage\":{\"@id\":\"https:\/\/all4laptop.ro\/store\/produs\/patona-platinum-baterie-with-usb-c-input-pt-panasonic-dmw-blk22-s5-g9-gh5-gh5s\/#primaryimage\"},\"image\":{\"@id\":\"https:\/\/all4laptop.ro\/store\/produs\/patona-platinum-baterie-with-usb-c-input-pt-panasonic-dmw-blk22-s5-g9-gh5-gh5s\/#primaryimage\"},\"thumbnailUrl\":\"https:\/\/all4laptop.ro\/store\/wp-content\/uploads\/2024\/04\/1401-1_1280x1280.jpg\",\"datePublished\":\"2024-04-16T07:25:31+00:00\",\"dateModified\":\"2024-06-17T06:34:19+00:00\",\"breadcrumb\":{\"@id\":\"https:\/\/all4laptop.ro\/store\/produs\/patona-platinum-baterie-with-usb-c-input-pt-panasonic-dmw-blk22-s5-g9-gh5-gh5s\/#breadcrumb\"},\"inLanguage\":\"ro-RO\",\"potentialAction\":[{\"@type\":\"ReadAction\",\"target\":[\"https:\/\/all4laptop.ro\/store\/produs\/patona-platinum-baterie-with-usb-c-input-pt-panasonic-dmw-blk22-s5-g9-gh5-gh5s\/\"]}]},{\"@type\":\"ImageObject\",\"inLanguage\":\"ro-RO\",\"@id\":\"https:\/\/all4laptop.ro\/store\/produs\/patona-platinum-baterie-with-usb-c-input-pt-panasonic-dmw-blk22-s5-g9-gh5-gh5s\/#primaryimage\",\"url\":\"https:\/\/all4laptop.ro\/store\/wp-content\/uploads\/2024\/04\/1401-1_1280x1280.jpg\",\"contentUrl\":\"https:\/\/all4laptop.ro\/store\/wp-content\/uploads\/2024\/04\/1401-1_1280x1280.jpg\",\"width\":1280,\"height\":1280},{\"@type\":\"BreadcrumbList\",\"@id\":\"https:\/\/all4laptop.ro\/store\/produs\/patona-platinum-baterie-with-usb-c-input-pt-panasonic-dmw-blk22-s5-g9-gh5-gh5s\/#breadcrumb\",\"itemListElement\":[{\"@type\":\"ListItem\",\"position\":1,\"name\":\"Prima pagin\u0103\",\"item\":\"https:\/\/all4laptop.ro\/store\/\"},{\"@type\":\"ListItem\",\"position\":2,\"name\":\"Magazin\",\"item\":\"https:\/\/all4laptop.ro\/store\/\"},{\"@type\":\"ListItem\",\"position\":3,\"name\":\"PATONA Platinum Baterie with USB-C input pt. Panasonic DMW-BLK22 S5 G9 GH5 GH5S\"}]},{\"@type\":\"WebSite\",\"@id\":\"https:\/\/all4laptop.ro\/store\/#website\",\"url\":\"https:\/\/all4laptop.ro\/store\/\",\"name\":\"All4Laptop.ro\",\"description\":\"Baterii, tastaturi, incarcatoare, display-uri, coolere, balamale si piese laptop\",\"publisher\":{\"@id\":\"https:\/\/all4laptop.ro\/store\/#organization\"},\"alternateName\":\"All4Laptop by Mado Solutions\",\"potentialAction\":[{\"@type\":\"SearchAction\",\"target\":{\"@type\":\"EntryPoint\",\"urlTemplate\":\"https:\/\/all4laptop.ro\/store\/?s={search_term_string}\"},\"query-input\":\"required name=search_term_string\"}],\"inLanguage\":\"ro-RO\"},{\"@type\":\"Organization\",\"@id\":\"https:\/\/all4laptop.ro\/store\/#organization\",\"name\":\"Mado Solutions SRL\",\"alternateName\":\"All4Laptop.ro by Mado Solutions SRL\",\"url\":\"https:\/\/all4laptop.ro\/store\/\",\"logo\":{\"@type\":\"ImageObject\",\"inLanguage\":\"ro-RO\",\"@id\":\"https:\/\/all4laptop.ro\/store\/#\/schema\/logo\/image\/\",\"url\":\"https:\/\/all4laptop.ro\/store\/wp-content\/uploads\/2024\/05\/2.jpg\",\"contentUrl\":\"https:\/\/all4laptop.ro\/store\/wp-content\/uploads\/2024\/05\/2.jpg\",\"width\":408,\"height\":318,\"caption\":\"Mado Solutions SRL\"},\"image\":{\"@id\":\"https:\/\/all4laptop.ro\/store\/#\/schema\/logo\/image\/\"},\"sameAs\":[\"https:\/\/www.facebook.com\/all4laptop.ro\"]}]}<\/script>\n<!-- \/ Yoast SEO plugin. -->","yoast_head_json":{"title":"PATONA Platinum Baterie with USB-C input pt. Panasonic DMW-BLK22 S5 G9 GH5 GH5S - All4Laptop.ro","robots":{"index":"index","follow":"follow","max-snippet":"max-snippet:-1","max-image-preview":"max-image-preview:large","max-video-preview":"max-video-preview:-1"},"canonical":"https:\/\/all4laptop.ro\/store\/produs\/patona-platinum-baterie-with-usb-c-input-pt-panasonic-dmw-blk22-s5-g9-gh5-gh5s\/","og_locale":"ro_RO","og_type":"article","og_title":"PATONA Platinum Baterie with USB-C input pt. Panasonic DMW-BLK22 S5 G9 GH5 GH5S - All4Laptop.ro","og_description":"Seria PATONAPlatinum a fost dezvoltat\u0103 pentru a v\u0103 bucura de o fotografie senza\u021bional de lung\u0103. Performan\u021ba celulelor utilizate este aproape inepuizabil\u0103. Seria a fost dezvoltat\u0103 pentru o distrac\u021bie fotografic\u0103 senza\u021bional de lung\u0103. Performan\u021ba celulelor folosite este aproape inepuizabil\u0103. Seria PATONAPlatinum folose\u0219te cele mai avansate celule, care au o calitate nu doar excep\u021bional\u0103, ci \u0219i impresionant\u0103. [&hellip;]","og_url":"https:\/\/all4laptop.ro\/store\/produs\/patona-platinum-baterie-with-usb-c-input-pt-panasonic-dmw-blk22-s5-g9-gh5-gh5s\/","og_site_name":"All4Laptop.ro","article_publisher":"https:\/\/www.facebook.com\/all4laptop.ro","article_modified_time":"2024-06-17T06:34:19+00:00","og_image":[{"width":1280,"height":1280,"url":"https:\/\/all4laptop.ro\/store\/wp-content\/uploads\/2024\/04\/1401-1_1280x1280.jpg","type":"image\/jpeg"}],"twitter_card":"summary_large_image","twitter_misc":{"Timp estimat pentru citire":"1 minut"},"schema":{"@context":"https:\/\/schema.org","@graph":[{"@type":"WebPage","@id":"https:\/\/all4laptop.ro\/store\/produs\/patona-platinum-baterie-with-usb-c-input-pt-panasonic-dmw-blk22-s5-g9-gh5-gh5s\/","url":"https:\/\/all4laptop.ro\/store\/produs\/patona-platinum-baterie-with-usb-c-input-pt-panasonic-dmw-blk22-s5-g9-gh5-gh5s\/","name":"PATONA Platinum Baterie with USB-C input pt. Panasonic DMW-BLK22 S5 G9 GH5 GH5S - All4Laptop.ro","isPartOf":{"@id":"https:\/\/all4laptop.ro\/store\/#website"},"primaryImageOfPage":{"@id":"https:\/\/all4laptop.ro\/store\/produs\/patona-platinum-baterie-with-usb-c-input-pt-panasonic-dmw-blk22-s5-g9-gh5-gh5s\/#primaryimage"},"image":{"@id":"https:\/\/all4laptop.ro\/store\/produs\/patona-platinum-baterie-with-usb-c-input-pt-panasonic-dmw-blk22-s5-g9-gh5-gh5s\/#primaryimage"},"thumbnailUrl":"https:\/\/all4laptop.ro\/store\/wp-content\/uploads\/2024\/04\/1401-1_1280x1280.jpg","datePublished":"2024-04-16T07:25:31+00:00","dateModified":"2024-06-17T06:34:19+00:00","breadcrumb":{"@id":"https:\/\/all4laptop.ro\/store\/produs\/patona-platinum-baterie-with-usb-c-input-pt-panasonic-dmw-blk22-s5-g9-gh5-gh5s\/#breadcrumb"},"inLanguage":"ro-RO","potentialAction":[{"@type":"ReadAction","target":["https:\/\/all4laptop.ro\/store\/produs\/patona-platinum-baterie-with-usb-c-input-pt-panasonic-dmw-blk22-s5-g9-gh5-gh5s\/"]}]},{"@type":"ImageObject","inLanguage":"ro-RO","@id":"https:\/\/all4laptop.ro\/store\/produs\/patona-platinum-baterie-with-usb-c-input-pt-panasonic-dmw-blk22-s5-g9-gh5-gh5s\/#primaryimage","url":"https:\/\/all4laptop.ro\/store\/wp-content\/uploads\/2024\/04\/1401-1_1280x1280.jpg","contentUrl":"https:\/\/all4laptop.ro\/store\/wp-content\/uploads\/2024\/04\/1401-1_1280x1280.jpg","width":1280,"height":1280},{"@type":"BreadcrumbList","@id":"https:\/\/all4laptop.ro\/store\/produs\/patona-platinum-baterie-with-usb-c-input-pt-panasonic-dmw-blk22-s5-g9-gh5-gh5s\/#breadcrumb","itemListElement":[{"@type":"ListItem","position":1,"name":"Prima pagin\u0103","item":"https:\/\/all4laptop.ro\/store\/"},{"@type":"ListItem","position":2,"name":"Magazin","item":"https:\/\/all4laptop.ro\/store\/"},{"@type":"ListItem","position":3,"name":"PATONA Platinum Baterie with USB-C input pt. Panasonic DMW-BLK22 S5 G9 GH5 GH5S"}]},{"@type":"WebSite","@id":"https:\/\/all4laptop.ro\/store\/#website","url":"https:\/\/all4laptop.ro\/store\/","name":"All4Laptop.ro","description":"Baterii, tastaturi, incarcatoare, display-uri, coolere, balamale si piese laptop","publisher":{"@id":"https:\/\/all4laptop.ro\/store\/#organization"},"alternateName":"All4Laptop by Mado Solutions","potentialAction":[{"@type":"SearchAction","target":{"@type":"EntryPoint","urlTemplate":"https:\/\/all4laptop.ro\/store\/?s={search_term_string}"},"query-input":"required name=search_term_string"}],"inLanguage":"ro-RO"},{"@type":"Organization","@id":"https:\/\/all4laptop.ro\/store\/#organization","name":"Mado Solutions SRL","alternateName":"All4Laptop.ro by Mado Solutions SRL","url":"https:\/\/all4laptop.ro\/store\/","logo":{"@type":"ImageObject","inLanguage":"ro-RO","@id":"https:\/\/all4laptop.ro\/store\/#\/schema\/logo\/image\/","url":"https:\/\/all4laptop.ro\/store\/wp-content\/uploads\/2024\/05\/2.jpg","contentUrl":"https:\/\/all4laptop.ro\/store\/wp-content\/uploads\/2024\/05\/2.jpg","width":408,"height":318,"caption":"Mado Solutions SRL"},"image":{"@id":"https:\/\/all4laptop.ro\/store\/#\/schema\/logo\/image\/"},"sameAs":["https:\/\/www.facebook.com\/all4laptop.ro"]}]}},"_links":{"self":[{"href":"https:\/\/all4laptop.ro\/store\/wp-json\/wp\/v2\/product\/1676","targetHints":{"allow":["GET"]}}],"collection":[{"href":"https:\/\/all4laptop.ro\/store\/wp-json\/wp\/v2\/product"}],"about":[{"href":"https:\/\/all4laptop.ro\/store\/wp-json\/wp\/v2\/types\/product"}],"replies":[{"embeddable":true,"href":"https:\/\/all4laptop.ro\/store\/wp-json\/wp\/v2\/comments?post=1676"}],"wp:featuredmedia":[{"embeddable":true,"href":"https:\/\/all4laptop.ro\/store\/wp-json\/wp\/v2\/media\/1579"}],"wp:attachment":[{"href":"https:\/\/all4laptop.ro\/store\/wp-json\/wp\/v2\/media?parent=1676"}],"wp:term":[{"taxonomy":"product_cat","embeddable":true,"href":"https:\/\/all4laptop.ro\/store\/wp-json\/wp\/v2\/product_cat?post=1676"},{"taxonomy":"product_tag","embeddable":true,"href":"https:\/\/all4laptop.ro\/store\/wp-json\/wp\/v2\/product_tag?post=1676"}],"curies":[{"name":"wp","href":"https:\/\/api.w.org\/{rel}","templated":true}]}}