{"id":4220,"date":"2024-04-16T08:53:58","date_gmt":"2024-04-16T08:53:58","guid":{"rendered":"https:\/\/dev4.acvision.ro\/store\/produs\/patona-lock-pt-e-scooter-with-numeric-code-3-digits-61cm\/"},"modified":"2024-06-17T06:33:32","modified_gmt":"2024-06-17T06:33:32","slug":"patona-lock-pt-e-scooter-with-numeric-code-3-digits-61cm","status":"publish","type":"product","link":"https:\/\/all4laptop.ro\/store\/produs\/patona-lock-pt-e-scooter-with-numeric-code-3-digits-61cm\/","title":{"rendered":"PATONA Lock pt. e-scooter with numeric code 3 digits 61cm"},"content":{"rendered":"<h2>Lac\u0103t PATONA pentru trotinete electrice cu cod numeric 3 cifre 61cm<\/h2>\n<p>Nou \u00een gama de accesorii pentru trotinete electrice este \u00eencuietoarea noastr\u0103 de siguran\u021b\u0103 cu cod numeric. <br \/> Cablul de s\u00e2rm\u0103 de siguran\u021b\u0103 aliat cu zinc are 61 cm lungime \u0219i este acoperit cu plastic. Codul numeric din 3 cifre este liber selectabil.<\/p>\n<p><strong>Data tehnice:<\/strong><br \/>&#8211; Material: cablu de sarma de siguranta cu aliaj de zinc<br \/> &#8211; Diametru incl. \u00eenveli\u0219: aprox. 3mm<br \/>&#8211; Lungime: 61cm<\/p>\n<p><strong>Avertismente:<\/strong><br \/> \u00cencuietoarea nu ofer\u0103 securitate absolut\u0103. Poate fi distrus cu instrumentele adecvate.<\/p>\n","protected":false},"excerpt":{"rendered":"<p>Lac\u0103t PATONA pentru trotinete electrice cu cod numeric 3 cifre 61cm Nou \u00een gama de accesorii pentru trotinete electrice este \u00eencuietoarea noastr\u0103 de siguran\u021b\u0103 cu cod numeric. Cablul de s\u00e2rm\u0103 de siguran\u021b\u0103 aliat cu zinc are 61 cm lungime \u0219i este acoperit cu plastic. Codul numeric din 3 cifre este liber selectabil. Data tehnice:&#8211; Material: [&hellip;]<\/p>\n","protected":false},"featured_media":4219,"comment_status":"open","ping_status":"closed","template":"","meta":{"_joinchat":[]},"product_cat":[195],"product_tag":[],"class_list":{"0":"post-4220","1":"product","2":"type-product","3":"status-publish","4":"has-post-thumbnail","6":"product_cat-e-mobility","7":"product_shipping_class-valoare","9":"first","10":"instock","11":"shipping-taxable","12":"purchasable","13":"product-type-simple"},"yoast_head":"<!-- This site is optimized with the Yoast SEO plugin v22.7 - https:\/\/yoast.com\/wordpress\/plugins\/seo\/ -->\n<title>PATONA Lock pt. e-scooter with numeric code 3 digits 61cm - All4Laptop.ro<\/title>\n<meta name=\"robots\" content=\"index, follow, max-snippet:-1, max-image-preview:large, max-video-preview:-1\" \/>\n<link rel=\"canonical\" href=\"https:\/\/all4laptop.ro\/store\/produs\/patona-lock-pt-e-scooter-with-numeric-code-3-digits-61cm\/\" \/>\n<meta property=\"og:locale\" content=\"ro_RO\" \/>\n<meta property=\"og:type\" content=\"article\" \/>\n<meta property=\"og:title\" content=\"PATONA Lock pt. e-scooter with numeric code 3 digits 61cm - All4Laptop.ro\" \/>\n<meta property=\"og:description\" content=\"Lac\u0103t PATONA pentru trotinete electrice cu cod numeric 3 cifre 61cm Nou \u00een gama de accesorii pentru trotinete electrice este \u00eencuietoarea noastr\u0103 de siguran\u021b\u0103 cu cod numeric. Cablul de s\u00e2rm\u0103 de siguran\u021b\u0103 aliat cu zinc are 61 cm lungime \u0219i este acoperit cu plastic. Codul numeric din 3 cifre este liber selectabil. Data tehnice:&#8211; Material: [&hellip;]\" \/>\n<meta property=\"og:url\" content=\"https:\/\/all4laptop.ro\/store\/produs\/patona-lock-pt-e-scooter-with-numeric-code-3-digits-61cm\/\" \/>\n<meta property=\"og:site_name\" content=\"All4Laptop.ro\" \/>\n<meta property=\"article:publisher\" content=\"https:\/\/www.facebook.com\/all4laptop.ro\" \/>\n<meta property=\"article:modified_time\" content=\"2024-06-17T06:33:32+00:00\" \/>\n<meta property=\"og:image\" content=\"https:\/\/all4laptop.ro\/store\/wp-content\/uploads\/2024\/04\/7823-1_1280x1280.jpg\" \/>\n\t<meta property=\"og:image:width\" content=\"1280\" \/>\n\t<meta property=\"og:image:height\" content=\"601\" \/>\n\t<meta property=\"og:image:type\" content=\"image\/jpeg\" \/>\n<meta name=\"twitter:card\" content=\"summary_large_image\" \/>\n<script type=\"application\/ld+json\" class=\"yoast-schema-graph\">{\"@context\":\"https:\/\/schema.org\",\"@graph\":[{\"@type\":\"WebPage\",\"@id\":\"https:\/\/all4laptop.ro\/store\/produs\/patona-lock-pt-e-scooter-with-numeric-code-3-digits-61cm\/\",\"url\":\"https:\/\/all4laptop.ro\/store\/produs\/patona-lock-pt-e-scooter-with-numeric-code-3-digits-61cm\/\",\"name\":\"PATONA Lock pt. e-scooter with numeric code 3 digits 61cm - All4Laptop.ro\",\"isPartOf\":{\"@id\":\"https:\/\/all4laptop.ro\/store\/#website\"},\"primaryImageOfPage\":{\"@id\":\"https:\/\/all4laptop.ro\/store\/produs\/patona-lock-pt-e-scooter-with-numeric-code-3-digits-61cm\/#primaryimage\"},\"image\":{\"@id\":\"https:\/\/all4laptop.ro\/store\/produs\/patona-lock-pt-e-scooter-with-numeric-code-3-digits-61cm\/#primaryimage\"},\"thumbnailUrl\":\"https:\/\/all4laptop.ro\/store\/wp-content\/uploads\/2024\/04\/7823-1_1280x1280.jpg\",\"datePublished\":\"2024-04-16T08:53:58+00:00\",\"dateModified\":\"2024-06-17T06:33:32+00:00\",\"breadcrumb\":{\"@id\":\"https:\/\/all4laptop.ro\/store\/produs\/patona-lock-pt-e-scooter-with-numeric-code-3-digits-61cm\/#breadcrumb\"},\"inLanguage\":\"ro-RO\",\"potentialAction\":[{\"@type\":\"ReadAction\",\"target\":[\"https:\/\/all4laptop.ro\/store\/produs\/patona-lock-pt-e-scooter-with-numeric-code-3-digits-61cm\/\"]}]},{\"@type\":\"ImageObject\",\"inLanguage\":\"ro-RO\",\"@id\":\"https:\/\/all4laptop.ro\/store\/produs\/patona-lock-pt-e-scooter-with-numeric-code-3-digits-61cm\/#primaryimage\",\"url\":\"https:\/\/all4laptop.ro\/store\/wp-content\/uploads\/2024\/04\/7823-1_1280x1280.jpg\",\"contentUrl\":\"https:\/\/all4laptop.ro\/store\/wp-content\/uploads\/2024\/04\/7823-1_1280x1280.jpg\",\"width\":1280,\"height\":601},{\"@type\":\"BreadcrumbList\",\"@id\":\"https:\/\/all4laptop.ro\/store\/produs\/patona-lock-pt-e-scooter-with-numeric-code-3-digits-61cm\/#breadcrumb\",\"itemListElement\":[{\"@type\":\"ListItem\",\"position\":1,\"name\":\"Prima pagin\u0103\",\"item\":\"https:\/\/all4laptop.ro\/store\/\"},{\"@type\":\"ListItem\",\"position\":2,\"name\":\"Magazin\",\"item\":\"https:\/\/all4laptop.ro\/store\/\"},{\"@type\":\"ListItem\",\"position\":3,\"name\":\"PATONA Lock pt. e-scooter with numeric code 3 digits 61cm\"}]},{\"@type\":\"WebSite\",\"@id\":\"https:\/\/all4laptop.ro\/store\/#website\",\"url\":\"https:\/\/all4laptop.ro\/store\/\",\"name\":\"All4Laptop.ro\",\"description\":\"Baterii, tastaturi, incarcatoare, display-uri, coolere, balamale si piese laptop\",\"publisher\":{\"@id\":\"https:\/\/all4laptop.ro\/store\/#organization\"},\"alternateName\":\"All4Laptop by Mado Solutions\",\"potentialAction\":[{\"@type\":\"SearchAction\",\"target\":{\"@type\":\"EntryPoint\",\"urlTemplate\":\"https:\/\/all4laptop.ro\/store\/?s={search_term_string}\"},\"query-input\":\"required name=search_term_string\"}],\"inLanguage\":\"ro-RO\"},{\"@type\":\"Organization\",\"@id\":\"https:\/\/all4laptop.ro\/store\/#organization\",\"name\":\"Mado Solutions SRL\",\"alternateName\":\"All4Laptop.ro by Mado Solutions SRL\",\"url\":\"https:\/\/all4laptop.ro\/store\/\",\"logo\":{\"@type\":\"ImageObject\",\"inLanguage\":\"ro-RO\",\"@id\":\"https:\/\/all4laptop.ro\/store\/#\/schema\/logo\/image\/\",\"url\":\"https:\/\/all4laptop.ro\/store\/wp-content\/uploads\/2024\/05\/2.jpg\",\"contentUrl\":\"https:\/\/all4laptop.ro\/store\/wp-content\/uploads\/2024\/05\/2.jpg\",\"width\":408,\"height\":318,\"caption\":\"Mado Solutions SRL\"},\"image\":{\"@id\":\"https:\/\/all4laptop.ro\/store\/#\/schema\/logo\/image\/\"},\"sameAs\":[\"https:\/\/www.facebook.com\/all4laptop.ro\"]}]}<\/script>\n<!-- \/ Yoast SEO plugin. -->","yoast_head_json":{"title":"PATONA Lock pt. e-scooter with numeric code 3 digits 61cm - All4Laptop.ro","robots":{"index":"index","follow":"follow","max-snippet":"max-snippet:-1","max-image-preview":"max-image-preview:large","max-video-preview":"max-video-preview:-1"},"canonical":"https:\/\/all4laptop.ro\/store\/produs\/patona-lock-pt-e-scooter-with-numeric-code-3-digits-61cm\/","og_locale":"ro_RO","og_type":"article","og_title":"PATONA Lock pt. e-scooter with numeric code 3 digits 61cm - All4Laptop.ro","og_description":"Lac\u0103t PATONA pentru trotinete electrice cu cod numeric 3 cifre 61cm Nou \u00een gama de accesorii pentru trotinete electrice este \u00eencuietoarea noastr\u0103 de siguran\u021b\u0103 cu cod numeric. Cablul de s\u00e2rm\u0103 de siguran\u021b\u0103 aliat cu zinc are 61 cm lungime \u0219i este acoperit cu plastic. Codul numeric din 3 cifre este liber selectabil. Data tehnice:&#8211; Material: [&hellip;]","og_url":"https:\/\/all4laptop.ro\/store\/produs\/patona-lock-pt-e-scooter-with-numeric-code-3-digits-61cm\/","og_site_name":"All4Laptop.ro","article_publisher":"https:\/\/www.facebook.com\/all4laptop.ro","article_modified_time":"2024-06-17T06:33:32+00:00","og_image":[{"width":1280,"height":601,"url":"https:\/\/all4laptop.ro\/store\/wp-content\/uploads\/2024\/04\/7823-1_1280x1280.jpg","type":"image\/jpeg"}],"twitter_card":"summary_large_image","schema":{"@context":"https:\/\/schema.org","@graph":[{"@type":"WebPage","@id":"https:\/\/all4laptop.ro\/store\/produs\/patona-lock-pt-e-scooter-with-numeric-code-3-digits-61cm\/","url":"https:\/\/all4laptop.ro\/store\/produs\/patona-lock-pt-e-scooter-with-numeric-code-3-digits-61cm\/","name":"PATONA Lock pt. e-scooter with numeric code 3 digits 61cm - All4Laptop.ro","isPartOf":{"@id":"https:\/\/all4laptop.ro\/store\/#website"},"primaryImageOfPage":{"@id":"https:\/\/all4laptop.ro\/store\/produs\/patona-lock-pt-e-scooter-with-numeric-code-3-digits-61cm\/#primaryimage"},"image":{"@id":"https:\/\/all4laptop.ro\/store\/produs\/patona-lock-pt-e-scooter-with-numeric-code-3-digits-61cm\/#primaryimage"},"thumbnailUrl":"https:\/\/all4laptop.ro\/store\/wp-content\/uploads\/2024\/04\/7823-1_1280x1280.jpg","datePublished":"2024-04-16T08:53:58+00:00","dateModified":"2024-06-17T06:33:32+00:00","breadcrumb":{"@id":"https:\/\/all4laptop.ro\/store\/produs\/patona-lock-pt-e-scooter-with-numeric-code-3-digits-61cm\/#breadcrumb"},"inLanguage":"ro-RO","potentialAction":[{"@type":"ReadAction","target":["https:\/\/all4laptop.ro\/store\/produs\/patona-lock-pt-e-scooter-with-numeric-code-3-digits-61cm\/"]}]},{"@type":"ImageObject","inLanguage":"ro-RO","@id":"https:\/\/all4laptop.ro\/store\/produs\/patona-lock-pt-e-scooter-with-numeric-code-3-digits-61cm\/#primaryimage","url":"https:\/\/all4laptop.ro\/store\/wp-content\/uploads\/2024\/04\/7823-1_1280x1280.jpg","contentUrl":"https:\/\/all4laptop.ro\/store\/wp-content\/uploads\/2024\/04\/7823-1_1280x1280.jpg","width":1280,"height":601},{"@type":"BreadcrumbList","@id":"https:\/\/all4laptop.ro\/store\/produs\/patona-lock-pt-e-scooter-with-numeric-code-3-digits-61cm\/#breadcrumb","itemListElement":[{"@type":"ListItem","position":1,"name":"Prima pagin\u0103","item":"https:\/\/all4laptop.ro\/store\/"},{"@type":"ListItem","position":2,"name":"Magazin","item":"https:\/\/all4laptop.ro\/store\/"},{"@type":"ListItem","position":3,"name":"PATONA Lock pt. e-scooter with numeric code 3 digits 61cm"}]},{"@type":"WebSite","@id":"https:\/\/all4laptop.ro\/store\/#website","url":"https:\/\/all4laptop.ro\/store\/","name":"All4Laptop.ro","description":"Baterii, tastaturi, incarcatoare, display-uri, coolere, balamale si piese laptop","publisher":{"@id":"https:\/\/all4laptop.ro\/store\/#organization"},"alternateName":"All4Laptop by Mado Solutions","potentialAction":[{"@type":"SearchAction","target":{"@type":"EntryPoint","urlTemplate":"https:\/\/all4laptop.ro\/store\/?s={search_term_string}"},"query-input":"required name=search_term_string"}],"inLanguage":"ro-RO"},{"@type":"Organization","@id":"https:\/\/all4laptop.ro\/store\/#organization","name":"Mado Solutions SRL","alternateName":"All4Laptop.ro by Mado Solutions SRL","url":"https:\/\/all4laptop.ro\/store\/","logo":{"@type":"ImageObject","inLanguage":"ro-RO","@id":"https:\/\/all4laptop.ro\/store\/#\/schema\/logo\/image\/","url":"https:\/\/all4laptop.ro\/store\/wp-content\/uploads\/2024\/05\/2.jpg","contentUrl":"https:\/\/all4laptop.ro\/store\/wp-content\/uploads\/2024\/05\/2.jpg","width":408,"height":318,"caption":"Mado Solutions SRL"},"image":{"@id":"https:\/\/all4laptop.ro\/store\/#\/schema\/logo\/image\/"},"sameAs":["https:\/\/www.facebook.com\/all4laptop.ro"]}]}},"_links":{"self":[{"href":"https:\/\/all4laptop.ro\/store\/wp-json\/wp\/v2\/product\/4220","targetHints":{"allow":["GET"]}}],"collection":[{"href":"https:\/\/all4laptop.ro\/store\/wp-json\/wp\/v2\/product"}],"about":[{"href":"https:\/\/all4laptop.ro\/store\/wp-json\/wp\/v2\/types\/product"}],"replies":[{"embeddable":true,"href":"https:\/\/all4laptop.ro\/store\/wp-json\/wp\/v2\/comments?post=4220"}],"wp:featuredmedia":[{"embeddable":true,"href":"https:\/\/all4laptop.ro\/store\/wp-json\/wp\/v2\/media\/4219"}],"wp:attachment":[{"href":"https:\/\/all4laptop.ro\/store\/wp-json\/wp\/v2\/media?parent=4220"}],"wp:term":[{"taxonomy":"product_cat","embeddable":true,"href":"https:\/\/all4laptop.ro\/store\/wp-json\/wp\/v2\/product_cat?post=4220"},{"taxonomy":"product_tag","embeddable":true,"href":"https:\/\/all4laptop.ro\/store\/wp-json\/wp\/v2\/product_tag?post=4220"}],"curies":[{"name":"wp","href":"https:\/\/api.w.org\/{rel}","templated":true}]}}