{"id":6396,"date":"2024-04-16T09:44:17","date_gmt":"2024-04-16T09:44:17","guid":{"rendered":"https:\/\/dev4.acvision.ro\/store\/produs\/patona-premium-wallbox-wb1-11-charging-station-electric-pillar-socket-pt-electric-car\/"},"modified":"2024-06-17T06:33:34","modified_gmt":"2024-06-17T06:33:34","slug":"patona-premium-wallbox-wb1-11-charging-station-electric-pillar-socket-pt-electric-car","status":"publish","type":"product","link":"https:\/\/all4laptop.ro\/store\/produs\/patona-premium-wallbox-wb1-11-charging-station-electric-pillar-socket-pt-electric-car\/","title":{"rendered":"PATONA Premium Wallbox WB1-11 Charging Station Electric Pillar Socket pt. Electric Car"},"content":{"rendered":"<h2>Sta\u021bie de \u00eenc\u0103rcare PATONA Wallbox WB1-11 Priz\u0103 electric\u0103 cu st\u00e2lp pentru ma\u0219in\u0103 electric\u0103<\/h2>\n<p>Suntem foarte m\u00e2ndri s\u0103 v\u0103 prezent\u0103m un alt produs premium &#8211; noul nostru PATONA Wallbox WB 1-11.<br \/>\n\u00cenc\u0103rca\u021bi-v\u0103 electricitatea ma\u0219in\u0103 optimizat\u0103, sigur\u0103 \u0219i rapid\u0103.<\/p>\n<p><strong>Prezentare general\u0103:<\/strong><\/p>\n<ul>\n<li style=\"list-style-type: none;\">\n<ul>\n<li>Certificare UE<\/li>\n<li>400V tensiune maxim\u0103<\/li>\n<li>16A curent<\/li>\n<li>p\u00e2n\u0103 la 11KW putere<\/li>\n<li>Fi\u0219\u0103 tip 2 cu cablu de 5m<\/li>\n<\/ul>\n<\/li>\n<\/ul>\n<p>&lt; li&gt;perfect informat datorit\u0103 afi\u0219ajului LCD integrat<\/p>\n<ul>\n<li>indicator de \u00eenc\u0103rcare LED<\/li>\n<li>fa\u021b\u0103 din sticl\u0103 nobil\u0103<\/li>\n<li>Controlabil \u0219i prin APP (prin Bluetooth)<\/li>\n<li>Protec\u021bie \u00eempotriva stropirii \u0219i a apei de ploaie cu certificare IP54<\/li>\n<li>Pentru uz interior \u0219i exterior<\/li>\n<li>Montare pe perete sau pe coloan\u0103<\/li>\n<li>Cititor de carduri RFID pentru autentificare<\/li>\n<\/ul>\n<p>&nbsp;<\/p>\n<p>&lt; li&gt;Bluetooth integrat<\/p>\n<ul>\n<li>Control APP pentru iOS \u0219i Android<\/li>\n<\/ul>\n<p>&nbsp;<\/p>\n<p><strong>Data tehnice: <\/strong><\/p>\n<ul>\n<li>Capacitate de \u00eenc\u0103rcare: p\u00e2n\u0103 la 11 KW<\/li>\n<li>Putere de intrare\/ie\u0219ire: 400V AC \u00b1 20%, 50\/60Hz, 16A, este necesar un cablu de alimentare trifazat<\/li>\n<li>Rezidual \u00eentrerup\u0103tor de curent: 400V~ GB\/T10963.1 \/ IEC60898-1 TGB1N-63 C40<\/li>\n<li>Putere de a\u0219teptare: &lt;3W<\/li>\n<li>Precizie de m\u0103surare: 1%<\/li>\n<li>Comunicare: Bluetooth<\/li>\n<li>Control: manual sau prin APP<\/li>\n<li>Interfa\u021b\u0103 cu utilizatorul: Display LCD 3,5&#8243;<\/li>\n<li>RFID: Mikron Fare Collection System ISO &amp; IEC 14443A&lt;\/li &gt;<\/li>\n<li>Certificare: CE \/ EN\/IEC 61851-1:2017, EN\/IEC 61851-21-2:2018<\/li>\n<li>Interfa\u021b\u0103 de \u00eenc\u0103rcare: muf\u0103 tip 2, cablu: 5m<\/li>\n<li>&lt; li&gt;Clase de protec\u021bie: IP54, IK10<\/li>\n<li>Carcas\u0103: plastic PC940, o\u021bel galvanizat<\/li>\n<li>Panou frontal: sticl\u0103 securizat\u0103<\/li>\n<li>Func\u021bii de protec\u021bie: protec\u021bie la supracurent, rezidual\u0103 protec\u021bie la curent, protec\u021bie la \u00eemp\u0103m\u00e2ntare, protec\u021bie la supra\/subtensiune, protec\u021bie la supra\/sub frecven\u021b\u0103, protec\u021bie la supra\/sub temperatur\u0103.<\/li>\n<li>Montare: montare pe perete sau pe coloan\u0103<\/li>\n<li>R\u0103cire: r\u0103cire natural\u0103<\/li>\n<li>Temperatura de func\u021bionare: -30\u00b0C p\u00e2n\u0103 la +55\u00b0C<\/li>\n<li>Umiditate: max. 95%<\/li>\n<li>Dimensiunile produsului: 320mm x 230mm x 100mm (LxlxD)<\/li>\n<li>Greutate net\u0103: aprox. 5,1 kg<\/li>\n<\/ul>\n<p><strong>Livrare:<\/strong><\/p>\n<ul>\n<li>PATONA Wallbox WB1-11<\/li>\n<li>Instruc\u021biuni de utilizare\/instalare prin cod QR<\/li>\n<li>Ghid rapid<\/li>\n<li>Suport pentru \u00eenc\u0103rcarea pistolului \u0219i cablului<\/li>\n<li>\u0218uruburi, dibluri<\/li>\n<li>2 carduri RFID<\/li>\n<li>2 chei<\/li>\n<li>Suportul <strong>nu<\/strong> este inclus \u00een pachetul de livrare. Acesta poate fi comandat op\u021bional ca accesoriu<\/li>\n<\/ul>\n<p><strong>Note:<\/strong><\/p>\n<p><span style=\"color: #ff0000;\"><strong> Pre\u021buri atractive pentru dealeri &#8211; contacta\u021bi managerul de cont pentru detalii.<\/strong><\/span><\/p>\n<p>Ne rezerv\u0103m \u00een mod expres dreptul de a aduce modific\u0103ri tehnice \u0219i\/sau \u00eembun\u0103t\u0103\u021biri produsului<\/p>\n","protected":false},"excerpt":{"rendered":"<p>Sta\u021bie de \u00eenc\u0103rcare PATONA Wallbox WB1-11 Priz\u0103 electric\u0103 cu st\u00e2lp pentru ma\u0219in\u0103 electric\u0103 Suntem foarte m\u00e2ndri s\u0103 v\u0103 prezent\u0103m un alt produs premium &#8211; noul nostru PATONA Wallbox WB 1-11. \u00cenc\u0103rca\u021bi-v\u0103 electricitatea ma\u0219in\u0103 optimizat\u0103, sigur\u0103 \u0219i rapid\u0103. Prezentare general\u0103: Certificare UE 400V tensiune maxim\u0103 16A curent p\u00e2n\u0103 la 11KW putere Fi\u0219\u0103 tip 2 cu cablu [&hellip;]<\/p>\n","protected":false},"featured_media":6395,"comment_status":"open","ping_status":"closed","template":"","meta":{"_joinchat":[]},"product_cat":[195],"product_tag":[],"class_list":{"0":"post-6396","1":"product","2":"type-product","3":"status-publish","4":"has-post-thumbnail","6":"product_cat-e-mobility","7":"product_shipping_class-valoare","9":"first","10":"outofstock","11":"shipping-taxable","12":"purchasable","13":"product-type-simple"},"yoast_head":"<!-- This site is optimized with the Yoast SEO plugin v22.7 - https:\/\/yoast.com\/wordpress\/plugins\/seo\/ -->\n<title>PATONA Premium Wallbox WB1-11 Charging Station Electric Pillar Socket pt. Electric Car - All4Laptop.ro<\/title>\n<meta name=\"robots\" content=\"index, follow, max-snippet:-1, max-image-preview:large, max-video-preview:-1\" \/>\n<link rel=\"canonical\" href=\"https:\/\/all4laptop.ro\/store\/produs\/patona-premium-wallbox-wb1-11-charging-station-electric-pillar-socket-pt-electric-car\/\" \/>\n<meta property=\"og:locale\" content=\"ro_RO\" \/>\n<meta property=\"og:type\" content=\"article\" \/>\n<meta property=\"og:title\" content=\"PATONA Premium Wallbox WB1-11 Charging Station Electric Pillar Socket pt. Electric Car - All4Laptop.ro\" \/>\n<meta property=\"og:description\" content=\"Sta\u021bie de \u00eenc\u0103rcare PATONA Wallbox WB1-11 Priz\u0103 electric\u0103 cu st\u00e2lp pentru ma\u0219in\u0103 electric\u0103 Suntem foarte m\u00e2ndri s\u0103 v\u0103 prezent\u0103m un alt produs premium &#8211; noul nostru PATONA Wallbox WB 1-11. \u00cenc\u0103rca\u021bi-v\u0103 electricitatea ma\u0219in\u0103 optimizat\u0103, sigur\u0103 \u0219i rapid\u0103. Prezentare general\u0103: Certificare UE 400V tensiune maxim\u0103 16A curent p\u00e2n\u0103 la 11KW putere Fi\u0219\u0103 tip 2 cu cablu [&hellip;]\" \/>\n<meta property=\"og:url\" content=\"https:\/\/all4laptop.ro\/store\/produs\/patona-premium-wallbox-wb1-11-charging-station-electric-pillar-socket-pt-electric-car\/\" \/>\n<meta property=\"og:site_name\" content=\"All4Laptop.ro\" \/>\n<meta property=\"article:publisher\" content=\"https:\/\/www.facebook.com\/all4laptop.ro\" \/>\n<meta property=\"article:modified_time\" content=\"2024-06-17T06:33:34+00:00\" \/>\n<meta property=\"og:image\" content=\"https:\/\/all4laptop.ro\/store\/wp-content\/uploads\/2024\/04\/01_wb1_11_displayzX9paZ2cxHxro_1280x1280.jpg\" \/>\n\t<meta property=\"og:image:width\" content=\"1000\" \/>\n\t<meta property=\"og:image:height\" content=\"1000\" \/>\n\t<meta property=\"og:image:type\" content=\"image\/jpeg\" \/>\n<meta name=\"twitter:card\" content=\"summary_large_image\" \/>\n<meta name=\"twitter:label1\" content=\"Timp estimat pentru citire\" \/>\n\t<meta name=\"twitter:data1\" content=\"2 minute\" \/>\n<script type=\"application\/ld+json\" class=\"yoast-schema-graph\">{\"@context\":\"https:\/\/schema.org\",\"@graph\":[{\"@type\":\"WebPage\",\"@id\":\"https:\/\/all4laptop.ro\/store\/produs\/patona-premium-wallbox-wb1-11-charging-station-electric-pillar-socket-pt-electric-car\/\",\"url\":\"https:\/\/all4laptop.ro\/store\/produs\/patona-premium-wallbox-wb1-11-charging-station-electric-pillar-socket-pt-electric-car\/\",\"name\":\"PATONA Premium Wallbox WB1-11 Charging Station Electric Pillar Socket pt. Electric Car - All4Laptop.ro\",\"isPartOf\":{\"@id\":\"https:\/\/all4laptop.ro\/store\/#website\"},\"primaryImageOfPage\":{\"@id\":\"https:\/\/all4laptop.ro\/store\/produs\/patona-premium-wallbox-wb1-11-charging-station-electric-pillar-socket-pt-electric-car\/#primaryimage\"},\"image\":{\"@id\":\"https:\/\/all4laptop.ro\/store\/produs\/patona-premium-wallbox-wb1-11-charging-station-electric-pillar-socket-pt-electric-car\/#primaryimage\"},\"thumbnailUrl\":\"https:\/\/all4laptop.ro\/store\/wp-content\/uploads\/2024\/04\/01_wb1_11_displayzX9paZ2cxHxro_1280x1280.jpg\",\"datePublished\":\"2024-04-16T09:44:17+00:00\",\"dateModified\":\"2024-06-17T06:33:34+00:00\",\"breadcrumb\":{\"@id\":\"https:\/\/all4laptop.ro\/store\/produs\/patona-premium-wallbox-wb1-11-charging-station-electric-pillar-socket-pt-electric-car\/#breadcrumb\"},\"inLanguage\":\"ro-RO\",\"potentialAction\":[{\"@type\":\"ReadAction\",\"target\":[\"https:\/\/all4laptop.ro\/store\/produs\/patona-premium-wallbox-wb1-11-charging-station-electric-pillar-socket-pt-electric-car\/\"]}]},{\"@type\":\"ImageObject\",\"inLanguage\":\"ro-RO\",\"@id\":\"https:\/\/all4laptop.ro\/store\/produs\/patona-premium-wallbox-wb1-11-charging-station-electric-pillar-socket-pt-electric-car\/#primaryimage\",\"url\":\"https:\/\/all4laptop.ro\/store\/wp-content\/uploads\/2024\/04\/01_wb1_11_displayzX9paZ2cxHxro_1280x1280.jpg\",\"contentUrl\":\"https:\/\/all4laptop.ro\/store\/wp-content\/uploads\/2024\/04\/01_wb1_11_displayzX9paZ2cxHxro_1280x1280.jpg\",\"width\":1000,\"height\":1000},{\"@type\":\"BreadcrumbList\",\"@id\":\"https:\/\/all4laptop.ro\/store\/produs\/patona-premium-wallbox-wb1-11-charging-station-electric-pillar-socket-pt-electric-car\/#breadcrumb\",\"itemListElement\":[{\"@type\":\"ListItem\",\"position\":1,\"name\":\"Prima pagin\u0103\",\"item\":\"https:\/\/all4laptop.ro\/store\/\"},{\"@type\":\"ListItem\",\"position\":2,\"name\":\"Magazin\",\"item\":\"https:\/\/all4laptop.ro\/store\/\"},{\"@type\":\"ListItem\",\"position\":3,\"name\":\"PATONA Premium Wallbox WB1-11 Charging Station Electric Pillar Socket pt. Electric Car\"}]},{\"@type\":\"WebSite\",\"@id\":\"https:\/\/all4laptop.ro\/store\/#website\",\"url\":\"https:\/\/all4laptop.ro\/store\/\",\"name\":\"All4Laptop.ro\",\"description\":\"Baterii, tastaturi, incarcatoare, display-uri, coolere, balamale si piese laptop\",\"publisher\":{\"@id\":\"https:\/\/all4laptop.ro\/store\/#organization\"},\"alternateName\":\"All4Laptop by Mado Solutions\",\"potentialAction\":[{\"@type\":\"SearchAction\",\"target\":{\"@type\":\"EntryPoint\",\"urlTemplate\":\"https:\/\/all4laptop.ro\/store\/?s={search_term_string}\"},\"query-input\":\"required name=search_term_string\"}],\"inLanguage\":\"ro-RO\"},{\"@type\":\"Organization\",\"@id\":\"https:\/\/all4laptop.ro\/store\/#organization\",\"name\":\"Mado Solutions SRL\",\"alternateName\":\"All4Laptop.ro by Mado Solutions SRL\",\"url\":\"https:\/\/all4laptop.ro\/store\/\",\"logo\":{\"@type\":\"ImageObject\",\"inLanguage\":\"ro-RO\",\"@id\":\"https:\/\/all4laptop.ro\/store\/#\/schema\/logo\/image\/\",\"url\":\"https:\/\/all4laptop.ro\/store\/wp-content\/uploads\/2024\/05\/2.jpg\",\"contentUrl\":\"https:\/\/all4laptop.ro\/store\/wp-content\/uploads\/2024\/05\/2.jpg\",\"width\":408,\"height\":318,\"caption\":\"Mado Solutions SRL\"},\"image\":{\"@id\":\"https:\/\/all4laptop.ro\/store\/#\/schema\/logo\/image\/\"},\"sameAs\":[\"https:\/\/www.facebook.com\/all4laptop.ro\"]}]}<\/script>\n<!-- \/ Yoast SEO plugin. -->","yoast_head_json":{"title":"PATONA Premium Wallbox WB1-11 Charging Station Electric Pillar Socket pt. Electric Car - All4Laptop.ro","robots":{"index":"index","follow":"follow","max-snippet":"max-snippet:-1","max-image-preview":"max-image-preview:large","max-video-preview":"max-video-preview:-1"},"canonical":"https:\/\/all4laptop.ro\/store\/produs\/patona-premium-wallbox-wb1-11-charging-station-electric-pillar-socket-pt-electric-car\/","og_locale":"ro_RO","og_type":"article","og_title":"PATONA Premium Wallbox WB1-11 Charging Station Electric Pillar Socket pt. Electric Car - All4Laptop.ro","og_description":"Sta\u021bie de \u00eenc\u0103rcare PATONA Wallbox WB1-11 Priz\u0103 electric\u0103 cu st\u00e2lp pentru ma\u0219in\u0103 electric\u0103 Suntem foarte m\u00e2ndri s\u0103 v\u0103 prezent\u0103m un alt produs premium &#8211; noul nostru PATONA Wallbox WB 1-11. \u00cenc\u0103rca\u021bi-v\u0103 electricitatea ma\u0219in\u0103 optimizat\u0103, sigur\u0103 \u0219i rapid\u0103. Prezentare general\u0103: Certificare UE 400V tensiune maxim\u0103 16A curent p\u00e2n\u0103 la 11KW putere Fi\u0219\u0103 tip 2 cu cablu [&hellip;]","og_url":"https:\/\/all4laptop.ro\/store\/produs\/patona-premium-wallbox-wb1-11-charging-station-electric-pillar-socket-pt-electric-car\/","og_site_name":"All4Laptop.ro","article_publisher":"https:\/\/www.facebook.com\/all4laptop.ro","article_modified_time":"2024-06-17T06:33:34+00:00","og_image":[{"width":1000,"height":1000,"url":"https:\/\/all4laptop.ro\/store\/wp-content\/uploads\/2024\/04\/01_wb1_11_displayzX9paZ2cxHxro_1280x1280.jpg","type":"image\/jpeg"}],"twitter_card":"summary_large_image","twitter_misc":{"Timp estimat pentru citire":"2 minute"},"schema":{"@context":"https:\/\/schema.org","@graph":[{"@type":"WebPage","@id":"https:\/\/all4laptop.ro\/store\/produs\/patona-premium-wallbox-wb1-11-charging-station-electric-pillar-socket-pt-electric-car\/","url":"https:\/\/all4laptop.ro\/store\/produs\/patona-premium-wallbox-wb1-11-charging-station-electric-pillar-socket-pt-electric-car\/","name":"PATONA Premium Wallbox WB1-11 Charging Station Electric Pillar Socket pt. Electric Car - All4Laptop.ro","isPartOf":{"@id":"https:\/\/all4laptop.ro\/store\/#website"},"primaryImageOfPage":{"@id":"https:\/\/all4laptop.ro\/store\/produs\/patona-premium-wallbox-wb1-11-charging-station-electric-pillar-socket-pt-electric-car\/#primaryimage"},"image":{"@id":"https:\/\/all4laptop.ro\/store\/produs\/patona-premium-wallbox-wb1-11-charging-station-electric-pillar-socket-pt-electric-car\/#primaryimage"},"thumbnailUrl":"https:\/\/all4laptop.ro\/store\/wp-content\/uploads\/2024\/04\/01_wb1_11_displayzX9paZ2cxHxro_1280x1280.jpg","datePublished":"2024-04-16T09:44:17+00:00","dateModified":"2024-06-17T06:33:34+00:00","breadcrumb":{"@id":"https:\/\/all4laptop.ro\/store\/produs\/patona-premium-wallbox-wb1-11-charging-station-electric-pillar-socket-pt-electric-car\/#breadcrumb"},"inLanguage":"ro-RO","potentialAction":[{"@type":"ReadAction","target":["https:\/\/all4laptop.ro\/store\/produs\/patona-premium-wallbox-wb1-11-charging-station-electric-pillar-socket-pt-electric-car\/"]}]},{"@type":"ImageObject","inLanguage":"ro-RO","@id":"https:\/\/all4laptop.ro\/store\/produs\/patona-premium-wallbox-wb1-11-charging-station-electric-pillar-socket-pt-electric-car\/#primaryimage","url":"https:\/\/all4laptop.ro\/store\/wp-content\/uploads\/2024\/04\/01_wb1_11_displayzX9paZ2cxHxro_1280x1280.jpg","contentUrl":"https:\/\/all4laptop.ro\/store\/wp-content\/uploads\/2024\/04\/01_wb1_11_displayzX9paZ2cxHxro_1280x1280.jpg","width":1000,"height":1000},{"@type":"BreadcrumbList","@id":"https:\/\/all4laptop.ro\/store\/produs\/patona-premium-wallbox-wb1-11-charging-station-electric-pillar-socket-pt-electric-car\/#breadcrumb","itemListElement":[{"@type":"ListItem","position":1,"name":"Prima pagin\u0103","item":"https:\/\/all4laptop.ro\/store\/"},{"@type":"ListItem","position":2,"name":"Magazin","item":"https:\/\/all4laptop.ro\/store\/"},{"@type":"ListItem","position":3,"name":"PATONA Premium Wallbox WB1-11 Charging Station Electric Pillar Socket pt. Electric Car"}]},{"@type":"WebSite","@id":"https:\/\/all4laptop.ro\/store\/#website","url":"https:\/\/all4laptop.ro\/store\/","name":"All4Laptop.ro","description":"Baterii, tastaturi, incarcatoare, display-uri, coolere, balamale si piese laptop","publisher":{"@id":"https:\/\/all4laptop.ro\/store\/#organization"},"alternateName":"All4Laptop by Mado Solutions","potentialAction":[{"@type":"SearchAction","target":{"@type":"EntryPoint","urlTemplate":"https:\/\/all4laptop.ro\/store\/?s={search_term_string}"},"query-input":"required name=search_term_string"}],"inLanguage":"ro-RO"},{"@type":"Organization","@id":"https:\/\/all4laptop.ro\/store\/#organization","name":"Mado Solutions SRL","alternateName":"All4Laptop.ro by Mado Solutions SRL","url":"https:\/\/all4laptop.ro\/store\/","logo":{"@type":"ImageObject","inLanguage":"ro-RO","@id":"https:\/\/all4laptop.ro\/store\/#\/schema\/logo\/image\/","url":"https:\/\/all4laptop.ro\/store\/wp-content\/uploads\/2024\/05\/2.jpg","contentUrl":"https:\/\/all4laptop.ro\/store\/wp-content\/uploads\/2024\/05\/2.jpg","width":408,"height":318,"caption":"Mado Solutions SRL"},"image":{"@id":"https:\/\/all4laptop.ro\/store\/#\/schema\/logo\/image\/"},"sameAs":["https:\/\/www.facebook.com\/all4laptop.ro"]}]}},"_links":{"self":[{"href":"https:\/\/all4laptop.ro\/store\/wp-json\/wp\/v2\/product\/6396","targetHints":{"allow":["GET"]}}],"collection":[{"href":"https:\/\/all4laptop.ro\/store\/wp-json\/wp\/v2\/product"}],"about":[{"href":"https:\/\/all4laptop.ro\/store\/wp-json\/wp\/v2\/types\/product"}],"replies":[{"embeddable":true,"href":"https:\/\/all4laptop.ro\/store\/wp-json\/wp\/v2\/comments?post=6396"}],"wp:featuredmedia":[{"embeddable":true,"href":"https:\/\/all4laptop.ro\/store\/wp-json\/wp\/v2\/media\/6395"}],"wp:attachment":[{"href":"https:\/\/all4laptop.ro\/store\/wp-json\/wp\/v2\/media?parent=6396"}],"wp:term":[{"taxonomy":"product_cat","embeddable":true,"href":"https:\/\/all4laptop.ro\/store\/wp-json\/wp\/v2\/product_cat?post=6396"},{"taxonomy":"product_tag","embeddable":true,"href":"https:\/\/all4laptop.ro\/store\/wp-json\/wp\/v2\/product_tag?post=6396"}],"curies":[{"name":"wp","href":"https:\/\/api.w.org\/{rel}","templated":true}]}}