{"id":6398,"date":"2024-04-16T09:44:18","date_gmt":"2024-04-16T09:44:18","guid":{"rendered":"https:\/\/dev4.acvision.ro\/store\/produs\/stand-pt-patona-premium-wallbox-wb1-11\/"},"modified":"2024-06-17T06:34:14","modified_gmt":"2024-06-17T06:34:14","slug":"stand-pt-patona-premium-wallbox-wb1-11","status":"publish","type":"product","link":"https:\/\/all4laptop.ro\/store\/produs\/stand-pt-patona-premium-wallbox-wb1-11\/","title":{"rendered":"Stand pt. PATONA Premium Wallbox WB1-11"},"content":{"rendered":"<h2>Suport pentru PATONA Premium Wallbox WB1-11<\/h2>\n<p>Suport pentru montarea \u00een siguran\u021b\u0103 a PATONA Premium Wallbox WB1-11.<\/p>\n<p>Pentru informa\u021bii despre PATONA Premium Wallbox WB1- 11, face\u021bi clic aici:<\/p>\n<p><a title=\"Wallbox Landingpage\" href=\"en\/pts-en-e-car-wb-1-11\" target=\"_self\" rel=\"noopener\"><img id=\" tinymce-editor-image-65b06ed7-0d5c-49c3-bd62-1444fd94c11f\" class=\"tinymce-editor-image tinymce-editor-image-65b06ed7-0d5c-49c3-bd62-1444fd94c11f=\"1444fd94crc1\/{1fd94crc1\" image\/4294-patona-premium-wallbox-wb1-11-banner-en.jpg'}\" alt=\"4294-patona-premium-wallbox-wb1-11-banner-en\" data-src=\"media\/image\/ 4294-patona-premium-wallbox-wb1-11-banner-en.jpg\"><\/a><\/p>\n<p><strong>Note:<\/strong><\/p>\n<p> < p><span style=\"color: #ff0000;\"><strong>Wallbox nu este inclus\u0103 \u00een pachetul de livrare.<br \/>La expedierea suportului sunt suportate costuri de transport separate. V\u0103 rug\u0103m s\u0103 \u00eentreba\u021bi consilierul dumneavoastr\u0103 pentru clien\u021bi pentru detalii.<\/strong><\/span><\/p>\n","protected":false},"excerpt":{"rendered":"<p>Suport pentru PATONA Premium Wallbox WB1-11 Suport pentru montarea \u00een siguran\u021b\u0103 a PATONA Premium Wallbox WB1-11. Pentru informa\u021bii despre PATONA Premium Wallbox WB1- 11, face\u021bi clic aici: Note: < p>Wallbox nu este inclus\u0103 \u00een pachetul de livrare.La expedierea suportului sunt suportate costuri de transport separate. V\u0103 rug\u0103m s\u0103 \u00eentreba\u021bi consilierul dumneavoastr\u0103 pentru clien\u021bi pentru detalii.<\/p>\n","protected":false},"featured_media":6397,"comment_status":"open","ping_status":"closed","template":"","meta":{"_joinchat":[]},"product_cat":[195],"product_tag":[],"class_list":{"0":"post-6398","1":"product","2":"type-product","3":"status-publish","4":"has-post-thumbnail","6":"product_cat-e-mobility","7":"product_shipping_class-valoare","9":"first","10":"instock","11":"shipping-taxable","12":"purchasable","13":"product-type-simple"},"yoast_head":"<!-- This site is optimized with the Yoast SEO plugin v22.7 - https:\/\/yoast.com\/wordpress\/plugins\/seo\/ -->\n<title>Stand pt. PATONA Premium Wallbox WB1-11 - All4Laptop.ro<\/title>\n<meta name=\"robots\" content=\"index, follow, max-snippet:-1, max-image-preview:large, max-video-preview:-1\" \/>\n<link rel=\"canonical\" href=\"https:\/\/all4laptop.ro\/store\/produs\/stand-pt-patona-premium-wallbox-wb1-11\/\" \/>\n<meta property=\"og:locale\" content=\"ro_RO\" \/>\n<meta property=\"og:type\" content=\"article\" \/>\n<meta property=\"og:title\" content=\"Stand pt. PATONA Premium Wallbox WB1-11 - All4Laptop.ro\" \/>\n<meta property=\"og:description\" content=\"Suport pentru PATONA Premium Wallbox WB1-11 Suport pentru montarea \u00een siguran\u021b\u0103 a PATONA Premium Wallbox WB1-11. Pentru informa\u021bii despre PATONA Premium Wallbox WB1- 11, face\u021bi clic aici: Note: &lt; p&gt;Wallbox nu este inclus\u0103 \u00een pachetul de livrare.La expedierea suportului sunt suportate costuri de transport separate. V\u0103 rug\u0103m s\u0103 \u00eentreba\u021bi consilierul dumneavoastr\u0103 pentru clien\u021bi pentru detalii.\" \/>\n<meta property=\"og:url\" content=\"https:\/\/all4laptop.ro\/store\/produs\/stand-pt-patona-premium-wallbox-wb1-11\/\" \/>\n<meta property=\"og:site_name\" content=\"All4Laptop.ro\" \/>\n<meta property=\"article:publisher\" content=\"https:\/\/www.facebook.com\/all4laptop.ro\" \/>\n<meta property=\"article:modified_time\" content=\"2024-06-17T06:34:14+00:00\" \/>\n<meta property=\"og:image\" content=\"https:\/\/all4laptop.ro\/store\/wp-content\/uploads\/2024\/04\/2636-2_1280x1280.jpg\" \/>\n\t<meta property=\"og:image:width\" content=\"352\" \/>\n\t<meta property=\"og:image:height\" content=\"1280\" \/>\n\t<meta property=\"og:image:type\" content=\"image\/jpeg\" \/>\n<meta name=\"twitter:card\" content=\"summary_large_image\" \/>\n<script type=\"application\/ld+json\" class=\"yoast-schema-graph\">{\"@context\":\"https:\/\/schema.org\",\"@graph\":[{\"@type\":\"WebPage\",\"@id\":\"https:\/\/all4laptop.ro\/store\/produs\/stand-pt-patona-premium-wallbox-wb1-11\/\",\"url\":\"https:\/\/all4laptop.ro\/store\/produs\/stand-pt-patona-premium-wallbox-wb1-11\/\",\"name\":\"Stand pt. PATONA Premium Wallbox WB1-11 - All4Laptop.ro\",\"isPartOf\":{\"@id\":\"https:\/\/all4laptop.ro\/store\/#website\"},\"primaryImageOfPage\":{\"@id\":\"https:\/\/all4laptop.ro\/store\/produs\/stand-pt-patona-premium-wallbox-wb1-11\/#primaryimage\"},\"image\":{\"@id\":\"https:\/\/all4laptop.ro\/store\/produs\/stand-pt-patona-premium-wallbox-wb1-11\/#primaryimage\"},\"thumbnailUrl\":\"https:\/\/all4laptop.ro\/store\/wp-content\/uploads\/2024\/04\/2636-2_1280x1280.jpg\",\"datePublished\":\"2024-04-16T09:44:18+00:00\",\"dateModified\":\"2024-06-17T06:34:14+00:00\",\"breadcrumb\":{\"@id\":\"https:\/\/all4laptop.ro\/store\/produs\/stand-pt-patona-premium-wallbox-wb1-11\/#breadcrumb\"},\"inLanguage\":\"ro-RO\",\"potentialAction\":[{\"@type\":\"ReadAction\",\"target\":[\"https:\/\/all4laptop.ro\/store\/produs\/stand-pt-patona-premium-wallbox-wb1-11\/\"]}]},{\"@type\":\"ImageObject\",\"inLanguage\":\"ro-RO\",\"@id\":\"https:\/\/all4laptop.ro\/store\/produs\/stand-pt-patona-premium-wallbox-wb1-11\/#primaryimage\",\"url\":\"https:\/\/all4laptop.ro\/store\/wp-content\/uploads\/2024\/04\/2636-2_1280x1280.jpg\",\"contentUrl\":\"https:\/\/all4laptop.ro\/store\/wp-content\/uploads\/2024\/04\/2636-2_1280x1280.jpg\",\"width\":352,\"height\":1280},{\"@type\":\"BreadcrumbList\",\"@id\":\"https:\/\/all4laptop.ro\/store\/produs\/stand-pt-patona-premium-wallbox-wb1-11\/#breadcrumb\",\"itemListElement\":[{\"@type\":\"ListItem\",\"position\":1,\"name\":\"Prima pagin\u0103\",\"item\":\"https:\/\/all4laptop.ro\/store\/\"},{\"@type\":\"ListItem\",\"position\":2,\"name\":\"Magazin\",\"item\":\"https:\/\/all4laptop.ro\/store\/\"},{\"@type\":\"ListItem\",\"position\":3,\"name\":\"Stand pt. PATONA Premium Wallbox WB1-11\"}]},{\"@type\":\"WebSite\",\"@id\":\"https:\/\/all4laptop.ro\/store\/#website\",\"url\":\"https:\/\/all4laptop.ro\/store\/\",\"name\":\"All4Laptop.ro\",\"description\":\"Baterii, tastaturi, incarcatoare, display-uri, coolere, balamale si piese laptop\",\"publisher\":{\"@id\":\"https:\/\/all4laptop.ro\/store\/#organization\"},\"alternateName\":\"All4Laptop by Mado Solutions\",\"potentialAction\":[{\"@type\":\"SearchAction\",\"target\":{\"@type\":\"EntryPoint\",\"urlTemplate\":\"https:\/\/all4laptop.ro\/store\/?s={search_term_string}\"},\"query-input\":\"required name=search_term_string\"}],\"inLanguage\":\"ro-RO\"},{\"@type\":\"Organization\",\"@id\":\"https:\/\/all4laptop.ro\/store\/#organization\",\"name\":\"Mado Solutions SRL\",\"alternateName\":\"All4Laptop.ro by Mado Solutions SRL\",\"url\":\"https:\/\/all4laptop.ro\/store\/\",\"logo\":{\"@type\":\"ImageObject\",\"inLanguage\":\"ro-RO\",\"@id\":\"https:\/\/all4laptop.ro\/store\/#\/schema\/logo\/image\/\",\"url\":\"https:\/\/all4laptop.ro\/store\/wp-content\/uploads\/2024\/05\/2.jpg\",\"contentUrl\":\"https:\/\/all4laptop.ro\/store\/wp-content\/uploads\/2024\/05\/2.jpg\",\"width\":408,\"height\":318,\"caption\":\"Mado Solutions SRL\"},\"image\":{\"@id\":\"https:\/\/all4laptop.ro\/store\/#\/schema\/logo\/image\/\"},\"sameAs\":[\"https:\/\/www.facebook.com\/all4laptop.ro\"]}]}<\/script>\n<!-- \/ Yoast SEO plugin. -->","yoast_head_json":{"title":"Stand pt. PATONA Premium Wallbox WB1-11 - All4Laptop.ro","robots":{"index":"index","follow":"follow","max-snippet":"max-snippet:-1","max-image-preview":"max-image-preview:large","max-video-preview":"max-video-preview:-1"},"canonical":"https:\/\/all4laptop.ro\/store\/produs\/stand-pt-patona-premium-wallbox-wb1-11\/","og_locale":"ro_RO","og_type":"article","og_title":"Stand pt. PATONA Premium Wallbox WB1-11 - All4Laptop.ro","og_description":"Suport pentru PATONA Premium Wallbox WB1-11 Suport pentru montarea \u00een siguran\u021b\u0103 a PATONA Premium Wallbox WB1-11. Pentru informa\u021bii despre PATONA Premium Wallbox WB1- 11, face\u021bi clic aici: Note: < p>Wallbox nu este inclus\u0103 \u00een pachetul de livrare.La expedierea suportului sunt suportate costuri de transport separate. V\u0103 rug\u0103m s\u0103 \u00eentreba\u021bi consilierul dumneavoastr\u0103 pentru clien\u021bi pentru detalii.","og_url":"https:\/\/all4laptop.ro\/store\/produs\/stand-pt-patona-premium-wallbox-wb1-11\/","og_site_name":"All4Laptop.ro","article_publisher":"https:\/\/www.facebook.com\/all4laptop.ro","article_modified_time":"2024-06-17T06:34:14+00:00","og_image":[{"width":352,"height":1280,"url":"https:\/\/all4laptop.ro\/store\/wp-content\/uploads\/2024\/04\/2636-2_1280x1280.jpg","type":"image\/jpeg"}],"twitter_card":"summary_large_image","schema":{"@context":"https:\/\/schema.org","@graph":[{"@type":"WebPage","@id":"https:\/\/all4laptop.ro\/store\/produs\/stand-pt-patona-premium-wallbox-wb1-11\/","url":"https:\/\/all4laptop.ro\/store\/produs\/stand-pt-patona-premium-wallbox-wb1-11\/","name":"Stand pt. PATONA Premium Wallbox WB1-11 - All4Laptop.ro","isPartOf":{"@id":"https:\/\/all4laptop.ro\/store\/#website"},"primaryImageOfPage":{"@id":"https:\/\/all4laptop.ro\/store\/produs\/stand-pt-patona-premium-wallbox-wb1-11\/#primaryimage"},"image":{"@id":"https:\/\/all4laptop.ro\/store\/produs\/stand-pt-patona-premium-wallbox-wb1-11\/#primaryimage"},"thumbnailUrl":"https:\/\/all4laptop.ro\/store\/wp-content\/uploads\/2024\/04\/2636-2_1280x1280.jpg","datePublished":"2024-04-16T09:44:18+00:00","dateModified":"2024-06-17T06:34:14+00:00","breadcrumb":{"@id":"https:\/\/all4laptop.ro\/store\/produs\/stand-pt-patona-premium-wallbox-wb1-11\/#breadcrumb"},"inLanguage":"ro-RO","potentialAction":[{"@type":"ReadAction","target":["https:\/\/all4laptop.ro\/store\/produs\/stand-pt-patona-premium-wallbox-wb1-11\/"]}]},{"@type":"ImageObject","inLanguage":"ro-RO","@id":"https:\/\/all4laptop.ro\/store\/produs\/stand-pt-patona-premium-wallbox-wb1-11\/#primaryimage","url":"https:\/\/all4laptop.ro\/store\/wp-content\/uploads\/2024\/04\/2636-2_1280x1280.jpg","contentUrl":"https:\/\/all4laptop.ro\/store\/wp-content\/uploads\/2024\/04\/2636-2_1280x1280.jpg","width":352,"height":1280},{"@type":"BreadcrumbList","@id":"https:\/\/all4laptop.ro\/store\/produs\/stand-pt-patona-premium-wallbox-wb1-11\/#breadcrumb","itemListElement":[{"@type":"ListItem","position":1,"name":"Prima pagin\u0103","item":"https:\/\/all4laptop.ro\/store\/"},{"@type":"ListItem","position":2,"name":"Magazin","item":"https:\/\/all4laptop.ro\/store\/"},{"@type":"ListItem","position":3,"name":"Stand pt. PATONA Premium Wallbox WB1-11"}]},{"@type":"WebSite","@id":"https:\/\/all4laptop.ro\/store\/#website","url":"https:\/\/all4laptop.ro\/store\/","name":"All4Laptop.ro","description":"Baterii, tastaturi, incarcatoare, display-uri, coolere, balamale si piese laptop","publisher":{"@id":"https:\/\/all4laptop.ro\/store\/#organization"},"alternateName":"All4Laptop by Mado Solutions","potentialAction":[{"@type":"SearchAction","target":{"@type":"EntryPoint","urlTemplate":"https:\/\/all4laptop.ro\/store\/?s={search_term_string}"},"query-input":"required name=search_term_string"}],"inLanguage":"ro-RO"},{"@type":"Organization","@id":"https:\/\/all4laptop.ro\/store\/#organization","name":"Mado Solutions SRL","alternateName":"All4Laptop.ro by Mado Solutions SRL","url":"https:\/\/all4laptop.ro\/store\/","logo":{"@type":"ImageObject","inLanguage":"ro-RO","@id":"https:\/\/all4laptop.ro\/store\/#\/schema\/logo\/image\/","url":"https:\/\/all4laptop.ro\/store\/wp-content\/uploads\/2024\/05\/2.jpg","contentUrl":"https:\/\/all4laptop.ro\/store\/wp-content\/uploads\/2024\/05\/2.jpg","width":408,"height":318,"caption":"Mado Solutions SRL"},"image":{"@id":"https:\/\/all4laptop.ro\/store\/#\/schema\/logo\/image\/"},"sameAs":["https:\/\/www.facebook.com\/all4laptop.ro"]}]}},"_links":{"self":[{"href":"https:\/\/all4laptop.ro\/store\/wp-json\/wp\/v2\/product\/6398","targetHints":{"allow":["GET"]}}],"collection":[{"href":"https:\/\/all4laptop.ro\/store\/wp-json\/wp\/v2\/product"}],"about":[{"href":"https:\/\/all4laptop.ro\/store\/wp-json\/wp\/v2\/types\/product"}],"replies":[{"embeddable":true,"href":"https:\/\/all4laptop.ro\/store\/wp-json\/wp\/v2\/comments?post=6398"}],"wp:featuredmedia":[{"embeddable":true,"href":"https:\/\/all4laptop.ro\/store\/wp-json\/wp\/v2\/media\/6397"}],"wp:attachment":[{"href":"https:\/\/all4laptop.ro\/store\/wp-json\/wp\/v2\/media?parent=6398"}],"wp:term":[{"taxonomy":"product_cat","embeddable":true,"href":"https:\/\/all4laptop.ro\/store\/wp-json\/wp\/v2\/product_cat?post=6398"},{"taxonomy":"product_tag","embeddable":true,"href":"https:\/\/all4laptop.ro\/store\/wp-json\/wp\/v2\/product_tag?post=6398"}],"curies":[{"name":"wp","href":"https:\/\/api.w.org\/{rel}","templated":true}]}}